23. Suppose q - 2*q = -1. Calculate the remainder when q is divided by a.
0
Let s(w) = -w**3 + 33*w**2 + 2*w + 79. What is the remainder when s(32) is divided by 45?
42
Let z = -87 + 148. Calculate the remainder when 249 is divided by z.
5
Let b(t) = -t**3 + 7*t**2 + 11*t - 5. Let c(f) = 5*f**2 - 5*f - 6. Suppose 6*k - 11 = 13. What is the remainder when c(k) is divided by b(8)?
16
Let p(u) = u**2 + 4*u + 3. Let g = -15 + 9. Suppose -5*x - 59 = -6*x. What is the remainder when x is divided by p(g)?
14
Suppose -h = h - 14. What is the remainder when h is divided by (-8 - -15) + (6 - (-48)/(-6))?
2
Let x be (-985)/(-15) + -6 - (-1)/3. Suppose 0 = -2*s - 0*s + x. What is the remainder when s is divided by 19?
11
Suppose -v + 38 = -h - 57, v - 92 = 4*h. What is the remainder when 862 is divided by v?
94
Let u be ((-4)/3)/((-10)/15). What is the remainder when 13 is divided by (-3 + (4 - u))*-3?
1
Let b(c) = -c**2 + 13*c - 10. What is the remainder when (1 - 2)/((-9)/90) is divided by b(12)?
0
Let b = 23 - 20. Suppose b*z - 34 = -13. Calculate the remainder when 33 is divided by z.
5
Let b = 31 + 67. What is the remainder when b is divided by (15/(-30))/(1/(-66))?
32
Suppose 0 = -2*n - 7*h + 2*h + 55, 0 = -2*n + h + 25. Calculate the remainder when ((-2)/16*2)/(((-385)/2508)/35) is divided by n.
12
Let b = -3245 - -3453. Calculate the remainder when b is divided by 21.
19
Suppose -5*u + 2*u + 132 = 0. Suppose -f + 4 - 32 = -2*x, -3*x + u = -f. Suppose -o + 4*o - 87 = 0. What is the remainder when o is divided by x?
13
What is the remainder when (-825)/(-75)*(1 - 2)*-29 is divided by 79?
3
What is the remainder when (-36)/(-450) - -2*(-2246)/(-100) is divided by 26?
19
Suppose -3*p - 20 = 2*p, 0 = 5*v + 5*p + 10. Suppose i + v*i = 30. Calculate the remainder when i is divided by (-26)/(-4) - 1/2.
4
Let b be ((-99)/12)/((-6)/16). Let c = -14 + b. What is the remainder when 21 is divided by c?
5
Let q(u) = -42*u - 7. Let a be q(-1). Suppose 3*x - 6*x = -5*w - a, -2*x = 2*w - 18. Calculate the remainder when 28 is divided by x.
8
Let q(o) = 5*o**3 - o**2 + 2*o + 1. Let y be 4/3*18/(-1). What is the remainder when q(2) is divided by 37 + y + (1 - 3)?
8
Calculate the remainder when 43 is divided by 8/6 - (-4444)/132.
8
Let h be (-1044)/(-26) + 20/(-130). Let r = h - 23. What is the remainder when 149 is divided by r?
13
Let d(y) = y**3 + 12*y**2 - 7*y + 8. Let r(c) = 3*c**3 + 25*c**2 - 15*c + 17. Let f(n) = 5*d(n) - 2*r(n). What is the remainder when f(4) is divided by 28?
26
Let v(w) = -6*w + 1. Suppose 5 = -s + 4. Let p = -24 + 35. Calculate the remainder when p is divided by v(s).
4
What is the remainder when 122 is divided by (-805)/(-175) - (-2)/5?
2
Suppose -2*r = -0*r - 3*q - 3985, -3*r - 5*q + 6025 = 0. Calculate the remainder when r is divided by 77.
75
Suppose -5*l + 26*l = 294. Suppose 4*h - 6*h = -l. What is the remainder when 68 is divided by h?
5
Suppose 47*y = 39*y + 392. What is the remainder when 182 is divided by y?
35
What is the remainder when (-894)/10*520/(-312) is divided by 11?
6
Let h(m) = m**3 - 17*m**2 - 21*m + 104. What is the remainder when 113 is divided by h(18)?
13
Let w be (2 - 3)*12/6. Let f be 2*(-4 + (-11)/w). What is the remainder when (f/2)/((-6)/(-204)) is divided by 13?
12
Let c = 2 + 2. Suppose -n - z = -6*z - 22, -5*n + c*z + 47 = 0. What is the remainder when (102/(-85))/((-2)/30) is divided by n?
4
Suppose -629*h + 628*h = -2. Calculate the remainder when 64 is divided by h.
0
Let z(w) = -w**3 - 6*w**2 + w + 6. Let k be z(-6). Suppose 8*d - 4*d - 16 = k. Suppose 3*y = 2 + d. Calculate the remainder when y is divided by 1.
0
Calculate the remainder when 278 is divided by 36 - (-7)/14*-2.
33
Let g = 7 + 8. Let y = -47 + 37. Calculate the remainder when g is divided by 8/(-4) - 1*y.
7
Let p be (-5 - (-9 + -4))*-7. Let z = 66 + p. What is the remainder when 29 is divided by z?
9
Let c = -71 + 58. Let d(n) be the first derivative of 2*n**3/3 + 9*n**2 - 5*n - 1. What is the remainder when d(c) is divided by 25?
24
Suppose -19 = -3*c + 2*i, i - 5*i - 17 = c. Suppose 146 = o - 4*n, -c*o - 3*n + 0*n = -378. What is the remainder when o is divided by 17?
11
Let c be -20*(3 - 12/16). Let t = c + 55. Calculate the remainder when 88 is divided by t.
8
Suppose -24 = -2*m + 92. Let q = m + -31. Calculate the remainder when q is divided by 14.
13
Let t = 7 - 3. Suppose 57 = n - 3*j, -t*n + 159 = -n - 3*j. What is the remainder when n is divided by 26?
25
Suppose -2*d + 34 + 80 = 0. Let u = 205 - 193. Calculate the remainder when d is divided by u.
9
Let q be (-2)/10 - (-462)/35. Let f = q + -6. Let v = 5 + f. What is the remainder when 59 is divided by v?
11
Let n be ((-12)/10)/(2/20). Let b = 21 + n. What is the remainder when 42 is divided by 2/b - (-931)/63?
12
What is the remainder when 155 is divided by (-13764)/(-527) + (-4)/34 + 1?
20
Suppose 3*v - 3 - 24 = 0. Suppose 2*f - v*f = -126. Calculate the remainder when f is divided by 9.
0
Let d(p) = 11*p + 7. Let m(h) = -12*h - 6. Let l(g) = -3*d(g) - 4*m(g). Calculate the remainder when l(3) is divided by (-5)/(10/17*26/(-52)).
14
Suppose -18*c + 1341 = -783. What is the remainder when c is divided by 62?
56
Suppose 2*m - 3*m = -4. Let d be (m/5)/((-4)/(-30)). Calculate the remainder when 3*(-1)/d*-2 is divided by 1.
0
Let q(j) = 4*j. Let p be q(4). Suppose -3*f + p = f. Suppose x - f*x = -48. Calculate the remainder when x is divided by 9.
7
Let s = 364 + -188. What is the remainder when s is divided by 47?
35
Suppose 258*a + 91*a = 1396. Suppose -91 = -5*t - 21. What is the remainder when t is divided by a?
2
Let n be (168/(-105))/(2/(-35)). Suppose 30*h - n*h = 152. Calculate the remainder when h is divided by 26.
24
Suppose 25 = -5*c + 10*c. Calculate the remainder when c is divided by 5.
0
Let n be (410/(-2))/(6/2 - 4). Suppose -n = -6*u + u + 4*g, 0 = 2*g. Let x = 13 - 2. Calculate the remainder when u is divided by x.
8
Let a(o) = -7*o**2 - 6*o + 9. Let n(k) = 6*k**2 + 6*k - 9. Let l(z) = 5*a(z) + 6*n(z). What is the remainder when 88 is divided by l(4)?
26
Let a(l) = 24*l + 351. What is the remainder when a(4) is divided by 8?
7
Let i = -2728 + 2744. Suppose -3*a = 10 - 28. Calculate the remainder when i is divided by a.
4
What is the remainder when (-32 - -34) + -3 + 254 is divided by 88?
77
Let f = -65 + 67. Calculate the remainder when 114 is divided by (-16 - -34)*f/4.
6
Let r = 19 + -11. Suppose a = 2*a + r. Let c = 15 + a. What is the remainder when 20 is divided by c?
6
Let v = 16 + 59. Let z(h) = -h. Let s be z(-9). What is the remainder when 33 is divided by v/s - (-2)/3?
6
Suppose 2*f = 11 - 3. Suppose -3*j + 854 = -f*l, 0 = 2*j + 2 + 2. Calculate the remainder when l/(-30) + (-2)/12 is divided by 2.
1
Let a be 25485/45 + -2 + (-8)/(-3). Suppose 0 = 2*n - 11*n + a. What is the remainder when n is divided by 8?
7
Let u(d) be the third derivative of d**4/6 - 2*d**3 - 7*d**2. Suppose 12*s = 13*s - 19. What is the remainder when u(12) is divided by s?
17
Let r = -1043 + 1728. What is the remainder when r is divided by 86?
83
Let y(s) = 3*s + 1. Let z(o) = 7*o + 31 + o - 9*o + 10. What is the remainder when z(22) is divided by y(2)?
5
Let z be (-27)/(-12) - (-1)/(-4). Suppose -4*r + r = 0. Suppose r = -n + z. Calculate the remainder when 3 is divided by n.
1
Suppose -c = -5*p - 0*p - 20, -37 = 4*p - 5*c. Let l be 14*2/(-4) - p. Calculate the remainder when 53 is divided by 248/16 + 6/l.
11
Suppose v = -4*v + 45. Calculate the remainder when 57 is divided by (5/(25/(-2)))/(v/(-270)).
9
Suppose 30*m - 33*m = -879. Calculate the remainder when m is divided by 59.
57
Let x = -795 + 994. What is the remainder when x is divided by 26?
17
Let z(n) = n**2 + 4*n + 3. Let d be z(-10). Suppose 3*j = -4*j + d. Calculate the remainder when 70 is divided by j.
7
Let s = 27 + -47. Let t be s/(-15) - 42/(-9). Let y = t - -2. What is the remainder when y is divided by 4?
0
Suppose -347*w = -346*w - 427. What is the remainder when w is divided by 37?
20
Let j = 24 - 19. Suppose -5*o - s + 11 = 0, 7*o - 3*o - 28 = 4*s. What is the remainder when 18 is divided by 7 + j + -4 + o?
7
Let x(i) = -i**3 + 13*i**2 - 26*i - 6. Suppose z + 5*s = 13, -2*z + 93 = 3*z - 3*s. What is the